{"id":34,"date":"2012-07-02T09:59:27","date_gmt":"2012-07-02T09:59:27","guid":{"rendered":"https:\/\/raffaelegalano.it\/?page_id=34"},"modified":"2012-08-02T13:02:29","modified_gmt":"2012-08-02T13:02:29","slug":"agenda","status":"publish","type":"page","link":"https:\/\/raffaelegalano.it\/?page_id=34","title":{"rendered":"Agenda"},"content":{"rendered":"<table border=\"0\" cellspacing=\"0\" cellpadding=\"0\">\n<tbody>\n<tr>\n<td valign=\"top\"><strong><a href=\"https:\/\/raffaelegalano.it\/wp-content\/uploads\/2012\/07\/bancarizacion.gif\"><img loading=\"lazy\" decoding=\"async\" class=\"alignnone size-full wp-image-76\" title=\"bancarizacion\" src=\"https:\/\/raffaelegalano.it\/wp-content\/uploads\/2012\/07\/bancarizacion.gif\" alt=\"\" width=\"250\" height=\"158\" \/><\/a><\/strong><\/td>\n<td valign=\"top\">\n<h1>IV Congreso de Bancarizaci\u00f3n y Microfinanzas<\/h1>\n<p><strong><\/strong><strong><\/strong>&#8220;Propiciando la inclusi\u00f3n financiera de forma integral&#8221;<\/p>\n<p><em>Hotel Hilton Bogot\u00e1, Colombia<\/em><br \/>\n<em>30 y 31 de agosto 2012<\/em><\/p>\n<p><em><\/em>Con la partecipazione dell\u2019Ente Nazionale per il Microcredito, Osservatorio Economico-Giuridico Latino Americana (OEGLA), Banca Prossima<\/td>\n<\/tr>\n<tr>\n<td colspan=\"2\" valign=\"top\">\n<hr \/>\n<\/td>\n<\/tr>\n<tr>\n<td valign=\"top\"><a href=\"https:\/\/raffaelegalano.it\/wp-content\/uploads\/2012\/07\/memorandum.gif\"><img loading=\"lazy\" decoding=\"async\" class=\"alignnone size-full wp-image-77\" title=\"memorandum\" src=\"https:\/\/raffaelegalano.it\/wp-content\/uploads\/2012\/07\/memorandum.gif\" alt=\"\" width=\"250\" height=\"160\" \/><\/a><\/td>\n<td valign=\"top\">\n<h1>Memorandum d&#8217;Intesa<\/h1>\n<p>Accordo di collaborazione sottoscritto fra OEGLA, l&#8217;Ente Nazionale per il Microcredito, FELABAN e Accion Internacional in occasione della VI Conferenza OEGLA del 27.02.2012.<\/p>\n<ul>\n<li>Scarica il <a href=\"https:\/\/raffaelegalano.it\/wp-content\/uploads\/2012\/07\/memorandum_intesa.pdf\" target=\"_blank\">PDF<\/a><\/li>\n<\/ul>\n<\/td>\n<\/tr>\n<\/tbody>\n<\/table>\n<p><\/p>\n","protected":false},"excerpt":{"rendered":"<p>IV Congreso de Bancarizaci\u00f3n y Microfinanzas &#8220;Propiciando la inclusi\u00f3n financiera de forma integral&#8221; Hotel Hilton Bogot\u00e1, Colombia 30 y 31 de agosto 2012 Con la partecipazione dell\u2019Ente Nazionale per il Microcredito, Osservatorio Economico-Giuridico Latino Americana (OEGLA), Banca Prossima Memorandum d&#8217;Intesa Accordo di collaborazione sottoscritto fra OEGLA, l&#8217;Ente Nazionale per il Microcredito, FELABAN e Accion Internacional [&hellip;]<\/p>\n","protected":false},"author":1,"featured_media":0,"parent":0,"menu_order":1,"comment_status":"closed","ping_status":"closed","template":"","meta":{"footnotes":""},"class_list":["post-34","page","type-page","status-publish","hentry"],"_links":{"self":[{"href":"https:\/\/raffaelegalano.it\/index.php?rest_route=\/wp\/v2\/pages\/34"}],"collection":[{"href":"https:\/\/raffaelegalano.it\/index.php?rest_route=\/wp\/v2\/pages"}],"about":[{"href":"https:\/\/raffaelegalano.it\/index.php?rest_route=\/wp\/v2\/types\/page"}],"author":[{"embeddable":true,"href":"https:\/\/raffaelegalano.it\/index.php?rest_route=\/wp\/v2\/users\/1"}],"replies":[{"embeddable":true,"href":"https:\/\/raffaelegalano.it\/index.php?rest_route=%2Fwp%2Fv2%2Fcomments&post=34"}],"version-history":[{"count":1,"href":"https:\/\/raffaelegalano.it\/index.php?rest_route=\/wp\/v2\/pages\/34\/revisions"}],"predecessor-version":[{"id":75,"href":"https:\/\/raffaelegalano.it\/index.php?rest_route=\/wp\/v2\/pages\/34\/revisions\/75"}],"wp:attachment":[{"href":"https:\/\/raffaelegalano.it\/index.php?rest_route=%2Fwp%2Fv2%2Fmedia&parent=34"}],"curies":[{"name":"wp","href":"https:\/\/api.w.org\/{rel}","templated":true}]}}